?
9
What is the millions digit of 107038797?
7
What is the millions digit of 5393960625?
3
What is the ten thousands digit of 3490105?
9
What is the units digit of 46659214?
4
What is the ten thousands digit of 113796367?
9
What is the thousands digit of 23254838?
4
What is the ten thousands digit of 58751202?
5
What is the millions digit of 95698898?
5
What is the hundred thousands digit of 213965099?
9
What is the hundred thousands digit of 3518018?
5
What is the hundred thousands digit of 100271126?
2
What is the millions digit of 44253117?
4
What is the thousands digit of 179588628?
8
What is the tens digit of 31341517?
1
What is the units digit of 3757683290?
0
What is the ten thousands digit of 6299667420?
6
What is the tens digit of 196374608?
0
What is the hundreds digit of 66887702?
7
What is the hundred thousands digit of 994154682?
1
What is the thousands digit of 106982802?
2
What is the thousands digit of 1056832049?
2
What is the units digit of 1170678786?
6
What is the tens digit of 59877757?
5
What is the hundred thousands digit of 47574617?
5
What is the thousands digit of 214065?
4
What is the units digit of 2821089919?
9
What is the thousands digit of 73841101?
1
What is the ten millions digit of 885138468?
8
What is the millions digit of 56983865?
6
What is the hundreds digit of 391718103?
1
What is the hundreds digit of 172391127?
1
What is the units digit of 219273964?
4
What is the tens digit of 146487067?
6
What is the tens digit of 6068872?
7
What is the billions digit of 1394580769?
1
What is the units digit of 342020735?
5
What is the units digit of 515184451?
1
What is the hundreds digit of 85975216?
2
What is the units digit of 17853299?
9
What is the ten millions digit of 1044227860?
4
What is the ten thousands digit of 422104671?
0
What is the tens digit of 2546351938?
3
What is the hundred thousands digit of 511961519?
9
What is the ten thousands digit of 1558282205?
8
What is the hundred thousands digit of 98614481?
6
What is the tens digit of 1301922876?
7
What is the units digit of 932877249?
9
What is the millions digit of 212025497?
2
What is the millions digit of 123769165?
3
What is the millions digit of 1820592885?
0
What is the millions digit of 429394575?
9
What is the units digit of 206791469?
9
What is the billions digit of 1261848197?
1
What is the hundred thousands digit of 293021147?
0
What is the hundred thousands digit of 11304710?
3
What is the ten millions digit of 2324709458?
2
What is the hundred millions digit of 192725447?
1
What is the hundred thousands digit of 843012616?
0
What is the millions digit of 199240332?
9
What is the billions digit of 6908429066?
6
What is the hundred millions digit of 4756350847?
7
What is the hundreds digit of 47923708?
7
What is the thousands digit of 2547584392?
4
What is the thousands digit of 84807294?
7
What is the ten millions digit of 2310341430?
1
What is the ten thousands digit of 366813254?
1
What is the hundreds digit of 908628948?
9
What is the hundred millions digit of 1168867743?
1
What is the units digit of 28031660?
0
What is the thousands digit of 40954779?
4
What is the ten thousands digit of 15563013?
6
What is the hundreds digit of 735260516?
5
What is the ten millions digit of 52486617?
5
What is the hundred thousands digit of 467125708?
1
What is the units digit of 468027181?
1
What is the thousands digit of 422173109?
3
What is the tens digit of 2488699646?
4
What is the hundreds digit of 156740494?
4
What is the ten millions digit of 91103544?
9
What is the units digit of 1174796052?
2
What is the hundred thousands digit of 3931279179?
2
What is the hundreds digit of 122278796?
7
What is the millions digit of 145465089?
5
What is the hundred thousands digit of 152688358?
6
What is the units digit of 29424437?
7
What is the ten thousands digit of 386736604?
3
What is the millions digit of 23150110?
3
What is the ten millions digit of 3048666964?
4
What is the thousands digit of 304069529?
9
What is the tens digit of 3113330308?
0
What is the hundreds digit of 53708375?
3
What is the hundred thousands digit of 55648472?
6
What is the ten thousands digit of 5538062602?
6
What is the millions digit of 166364777?
6
What is the hundred millions digit of 1840401165?
8
What is the millions digit of 48519659?
8
What is the billions digit of 1162442555?
1
What is the ten thousands digit of 56094224?
9
What is the ten thousands digit of 82056987?
5
What is the billions digit of 1353670720?
1
What is the tens digit of 119512472?
7
What is the tens digit of 195023880?
8
What is the tens digit of 250620597?
9
What is the ten millions digit of 161414630?
6
What is the ten thousands digit of 531187268?
8
What is the hundred millions digit of 496198169?
4
What is the thousands digit of 2233142849?
2
What is the hundreds digit of 240211137?
1
What is the units digit of 752777981?
1
What is the thousands digit of 899222115?
2
What is the hundred thousands digit of 22522877?
5
What is the hundreds digit of 255960477?
4
What is the hundred thousands digit of 663055228?
0
What is the millions digit of 139003482?
9
What is the tens digit of 54864934?
3
What is the thousands digit of 910196390?
6
What is the ten thousands digit of 144737595?
3
What is the tens digit of 300989149?
4
What is the millions digit of 3447920?
3
What is the thousands digit of 87827680?
7
What is the thousands digit of 334541799?
1
What is the tens digit of 289276038?
3
What is the hundreds digit of 2527890198?
1
What is the thousands digit of 86111615?
1
What is the hundreds digit of 17900173?
1
What is the hundred thousands digit of 4810396965?
3
What is the ten thousands digit of 917203291?
0
What is the hundreds digit of 2476094615?
6
What is the hundreds digit of 172007211?
2
What is the ten thousands digit of 10801907?
0
What is the billions digit of 1560032653?
1
What is the hundreds digit of 187248034?
0
What is the ten thousands digit of 40513988?
1
What is the hundred thousands digit of 1586481324?
4
What is the tens digit of 2146140083?
8
What is the hundred thousands digit of 603271733?
2
What is the billions digit of 8265636601?
8
What is the hundred thousands digit of 210294496?
2
What is the millions digit of 241151191?
1
What is the ten millions digit of 15742310?
1
What is the ten thousands digit of 550874292?
7
What is the tens digit of 4370903339?
3
What is the hundred millions digit of 254653591?
2
What is the hundred millions digit of 1539231895?
5
What is the hundred thousands digit of 541742081?
7
What is the units digit of 45205710?
0
What is the millions digit of 61469759?
1
What is the units digit of 97899598?
8
What is the millions digit of 56853100?
6
What is the billions digit of 1607829118?
1
What is the hundreds digit of 394704096?
0
What is the hundred millions digit of 899821183?
8
What is the thousands digit of 1223691868?
1
What is the ten millions digit of 802216222?
0
What is the hundred millions digit of 767797217?
7
What is the hundreds digit of 17676927?
9
What is the hundreds digit of 133627481?
4
What is the ten thousands digit of 84133206?
3
What is the ten thousands digit of 224982435?
8
What is the thousands digit of 524907893?
7
What is the units digit of 2702254815?
5
What is the units digit of 785946517?
7
What is the millions digit of 6238775?
6
What is the ten thousands digit of 2989304458?
0
What is the ten thousands digit of 41937705?
3
What is the hundreds digit of 152560839?
8
What is the tens digit of 7369367835?
3
What is the hundred millions digit of 1714126104?
7
What is the millions digit of 13618633?
3
What is the units digit of 664070882?
2
What is the hundred thousands digit of 581170707?
1
What is the millions digit of 5677900180?
7
What is the ten thousands digit of 80930603?
3
What is the ten millions digit of 92140867?
9
What is the ten millions digit of 79847819?
7
What is the ten millions digit of 22828547?
2
What is the hundred millions digit of 344506719?
3
What is the hundreds digit of 978967872?
8
What is the tens digit of 2418093548?
4
What is the millions digit of 97971171?
7
What is the ten millions digit of 1353368176?
5
What is the hundred thousands digit of 206470315?
4
What is the ten millions digit 